21/(-2)) - 16/(-3). Give o(i).
10
Let y = -18 + 23. Let x be -2 + y*(-10)/(-25). Let i(n) = n + 8. Calculate i(x).
8
Suppose -3*k - 2*n + 6*n + 16 = 0, -3*n = -3*k + 12. Let h(j) = -2*j + 5. What is h(k)?
5
Let w(q) = -4*q + 49. Let y(t) = -t + 12. Let u(j) = -2*w(j) + 9*y(j). Let v(h) = 2*h**2 - 13*h + 3. Let x be v(7). What is u(x)?
0
Let l(p) = 3 + 2*p**2 + 32*p**3 - 8 - 31*p**3 + 1. What is l(-3)?
-13
Let b(i) = i**2 + 5*i - 5. Let q be 4 - 2 - 1 - 2. Let y(g) = -g. Let v(o) = q*b(o) + 2*y(o). Determine v(-7).
5
Let r(t) = t**3 - 7*t**2 + 6*t + 8. Let f be 10*(12/(-20) + -3). Let p be (f/(-42))/(2/14). Calculate r(p).
8
Let f be ((-2)/(-25))/((-14)/35*-12). Let g(m) be the third derivative of -f*m**5 - 4*m**2 + 0*m - 5/6*m**3 + 0 + 1/24*m**4. Determine g(0).
-5
Let c be 0/(96/(-8)) + 3. Let t(a) be the second derivative of 1/20*a**5 + 7/6*a**3 + c*a + 0 - 2*a**2 - 2/3*a**4. Give t(7).
-4
Let b(l) = 6*l**3 + 6*l**2 + 4*l - 6. Let m(p) = 7*p**3 + 6*p**2 + 4*p - 7. Let x(z) = 6*b(z) - 5*m(z). What is x(-6)?
-25
Let u(y) = -y**3 - y**2 - 19*y - 3. Let o(s) = s**2 - 4*s - 1. Let c(k) = 5*o(k) - u(k). Determine c(-7).
-44
Suppose -80 = -8*h + 24*h. Let w(o) = -o**3 - 6*o**2 - 7*o - 2. Calculate w(h).
8
Let k(o) = o + 3. Let v be 1/((-114)/304*4/6). Let z(c) be the first derivative of -c**4/4 - 2*c**3 - 9*c**2/2 - c - 1. Let q be z(v). Calculate k(q).
6
Let s(b) be the third derivative of b**6/120 + b**5/60 - b**4/24 + b**3/6 - b**2 - 7*b. Let n(h) = -33*h**3 + h**2. Let p be n(1). Let k be -4*4/p*4. Give s(k).
11
Let f(l) be the first derivative of -l**2 - 3*l + 1. Let s = -2445 + 2442. What is f(s)?
3
Let t(b) = b**2 - 7*b + 4. Suppose -18*j + 6 = -16*j. Suppose g - j = -0*g. Suppose -2*x + 3*x - g = 0. Determine t(x).
-8
Suppose 2 = 2*m - 6, 22 = 2*j + m. Suppose -6 = -5*v + j. Let r(b) = -v + 3*b - 1 + 2 + b**3 - 5*b**2. Calculate r(4).
-6
Let r = -55 + 59. Suppose -3*w - 5*j = -12, -3*j + 16 = r*w - 0*j. Let i(c) = c**2 - 4*c - 5. Determine i(w).
-5
Let w(v) = v**2 - 69*v - 372. Let r be w(-5). Suppose -3*z + 4 = -z. Let n(f) = -f + 3 + z*f + 1. Determine n(r).
2
Let p be -3 + ((836/(-24))/(-11) - 0). Let v(m) be the third derivative of 2*m**2 + 0 + p*m**3 + 0*m + 1/12*m**4. What is v(-3)?
-5
Let c(s) be the third derivative of s**8/6720 + s**7/504 + s**6/180 + s**5/24 + s**4/2 - 12*s**2. Let p(o) be the second derivative of c(o). What is p(-4)?
5
Suppose 0 = 4*i + 834 - 798. Let g(x) = -x**3 - 10*x**2 - 10*x - 5. Determine g(i).
4
Suppose -11*t - 28 = 49 + 44. Let b(v) = -2 + 11*v - 2*v**2 + v**3 - 1 + 14*v**2 + 0*v**3. Give b(t).
-3
Let c(m) = -4*m - 23. Let r(k) = -k - 6. Let p(x) = -3*c(x) + 11*r(x). Suppose 5*z + 20 = 0, -z = -3*h - 0*h + 13. Let u be ((-21)/h)/(-1*1). Give p(u).
10
Let z(y) = y**2 - 4 + 3 + 2 + y**2. Let n be z(1). Suppose 5*j - n*j + 2 = 0. Let l(q) = 2*q**3 - 1. Give l(j).
-3
Let k(l) be the first derivative of -l**4/4 - 2*l**3/3 + 25. Suppose g + 8 - 5 = 0. Calculate k(g).
9
Let m(l) be the second derivative of -15*l - 7/12*l**4 - 1/20*l**5 + 0 + 4/3*l**3 + l**2. Determine m(-8).
2
Let o be (2/(-6))/((-2)/6). Let w(a) be the second derivative of 13*a**3/6 + a**2/2 - 233*a. What is w(o)?
14
Suppose -h - 2*g = h + 64, -4*h = 5*g + 133. Let l be (-20)/(-6)*h/(-18). Let o(z) be the second derivative of -z**3/3 + 3*z**2 + 2*z. Give o(l).
-4
Suppose -14*g = 44 + 12. Let z(d) be the first derivative of -d**6/360 - d**5/20 - d**4/12 - d**3/3 - 2. Let w(r) be the third derivative of z(r). Give w(g).
6
Let y(j) be the second derivative of -7*j**3/6 + 45*j**2/2 + j - 71. Give y(7).
-4
Let h(d) be the third derivative of d**5/60 + 5*d**4/24 - 11*d**3/6 - 2*d**2 - 58. Calculate h(-5).
-11
Let a(q) = -q - 1. Let y = -264 - -271. Determine a(y).
-8
Let g(u) be the third derivative of u**5/60 + 3*u**4/8 - u**3/2 + 298*u**2. Calculate g(-7).
-17
Let j = 1 - -1. Let c(v) = -585 + j*v + 599 + 0*v. Determine c(-10).
-6
Let z(x) = x**2 - 63*x + 487. Let d be z(54). Let c(k) = 0 + 1 - 2 + 5*k. Calculate c(d).
4
Let i(g) = g**2 + 6*g + 5. Suppose 0 = 3*w - 6*w + 3. Suppose -3*k = -3*b - 2 - w, -2*k - 4*b + 20 = 0. Let p = k + -10. What is i(p)?
5
Let s(i) be the first derivative of 5*i**2/2 + 13*i + 677. What is s(-6)?
-17
Let s = -341 - -336. Let u(j) be the third derivative of j**4/24 + 2*j**3 - 2*j**2. Determine u(s).
7
Suppose -5*s - 2*v + 20 = -4*v, -2*s - 4*v - 16 = 0. Let z(h) = h**3 - 5*h**2 + 3*h - 3. Calculate z(s).
-9
Let c = -152 + 147. Let r(z) = -3*z**2 - z + 2. Let m = -4 - -3. Let n(h) = h**2 - h + 1. Let o(w) = m*r(w) - 2*n(w). Determine o(c).
6
Suppose -3 = -3*x, 5*z + 2*x - 3*x - 9 = 0. Suppose -20 = -2*k + p, -z*p - 20 = -2*k + p. Let f(w) = k + w - 17 + 9. Determine f(-5).
-3
Let a(v) be the second derivative of v**5/20 + 5*v**4/12 - 2*v**3/3 + 6*v**2 - 56*v. Determine a(-6).
0
Let x(d) = 3*d**2 - 6*d + 2. Let q be ((-9)/3 + 7)*1. Let b(l) = -8*l**2 + 18*l - 5. Let k(s) = q*b(s) + 11*x(s). Determine k(-4).
-6
Let g = 105 + -103. Let f(i) = -7*i - 5*i + 2*i - 7 + i**g + 1. Give f(8).
-22
Let f(l) = -4*l**2 + 5*l**2 + 3830*l - 3832*l. Let g(k) = -k**3 + 4*k**2 - 2*k + 2. Let m be g(3). What is f(m)?
15
Suppose 15*g + 277 = 22. Let i(c) = c**2 + 15*c - 22. What is i(g)?
12
Let t(b) be the third derivative of -b**4/12 + 25*b**3/6 - 328*b**2. Determine t(17).
-9
Let a be 253/33 + 4/(-6). Suppose -4*h - h = 5*u + 25, h = -3*u - a. Let f(l) = 7*l - 1. Calculate f(u).
-8
Let j(t) = -t**3 + t**2 + 2*t - 1. Let p(i) = -i**2 - 16*i - 36. Let d be p(-13). Calculate j(d).
-13
Let i(s) be the first derivative of -4*s**2 + s + 2. Let r(a) = a**2 + 4*a - 15. Let g be r(-7). Suppose -g + 2 = -4*x. Give i(x).
-7
Let u(d) be the second derivative of -d**4/12 - d**3 + 3*d**2 - 10*d - 2. Determine u(-7).
-1
Let z(u) = -u**2 - 5. Let r be z(-4). Let j be 0 + 12*(r/(-9) - 2). Let t(s) = s**2 - 4*s + 6. What is t(j)?
6
Suppose 0 = -4*j - 2*f - 22, -4*j - f = -7*j - 14. Let u(a) = -a**3 - 6*a**2 - 8*a - 5. Give u(j).
10
Suppose 3*b + 4*u = 14 - 1, 17 = 4*b + 5*u. Let c(d) = -d + 6. Let f be c(b). Suppose -2*h + 5 = -f*h. Let m(k) = -k + 3. Give m(h).
8
Let y(q) = -5*q**3 + 2*q + 1. Suppose -232 = 18*p - 214. Give y(p).
4
Let u(g) = 2*g**2 + 0*g**2 - 28009 + 28003 - 15*g + 7*g. Determine u(6).
18
Suppose 3*g = -0*g. Suppose -1 = h - 2*x - g*x, -3*h - x + 25 = 0. Let y(k) = 5*k + 2 + h - 4. Determine y(-4).
-15
Let y be ((-12)/(-10))/(3/15). Let v(k) be the third derivative of -k**4/24 + 11*k**3/6 + 21*k**2. Calculate v(y).
5
Let j(y) = -y**2 + 10*y - 17. Let d be j(7). Let o(b) = b**2 - 2*b - 10. Give o(d).
-2
Let g(n) = -27*n + 61. Let r(j) = -9*j + 20. Let f(a) = -4*g(a) + 11*r(a). Let x(z) = 3*z - 8. Let c(h) = 2*f(h) - 7*x(h). Determine c(6).
-10
Suppose -s = 5*i + 9, s + 5*i = 6*s - 15. Let v = s + 3. Let t(w) = w - 2. Give t(v).
2
Suppose -4*b - 4 + 20 = 2*r, -4*b = r - 20. Let g(u) = 7*u + 13. Suppose -m - 4 + 5 = 0. Let k(z) = -z - 1. Let h(q) = b*k(q) + m*g(q). Calculate h(-5).
2
Suppose -3*m + 2*f + 10 + 18 = 0, -5*f = -2*m + 15. Let y(w) = -w**3 + 10*w**2 + 6. Let g be y(m). Let u(i) = i - i + i + g. Determine u(0).
6
Let o = 6 - -7. Suppose -4*p + 0 = f - 9, f = -2*p + 17. Suppose -o*b = -8*b - f. Let g(i) = -i - 1. Calculate g(b).
-6
Let g(y) be the third derivative of 0 - 2*y**3 + 1/24*y**4 + 12*y**2 + 0*y. Give g(6).
-6
Let j(d) = -4*d - 37. Let l be j(-11). Let k(x) = -x - 2*x + 2 - l. Determine k(-4).
7
Let w(g) = -8*g + 2. Let l = 58 + -46. Suppose -a + 6*b = b + 7, -2*b = -5*a - l. Give w(a).
18
Let m(w) = -7*w**3 + w**2 - w - 1. Let u be 0 + 3 - 3*(0 + 1). Let j(z) = z**2 - z - 1. Let l be j(u). Give m(l).
8
Let c(b) = b**2 - b + 2. Let d(i) = 5*i**2 + 2*i + 5. Let z be d(-3). Suppose 9*s + 17 = z. Give c(s).
8
Let w(j) = -151*j**2 + 47*j**2 + 51*j**2 - 2 - 2*j + 52*j**2 + j. Let k be 2/5*(18 - -2). Suppose -3*g = -7*g - k. Give w(g).
-4
Let z(r) = -r**3 - 8*r**2 + 3*r + 12. Suppose 8 = a - 5*j + 1, 6 = -2*j. Give z(a).
-12
Let w(l) = -12*l**2 - 8*l - 7. Let p(u) = 11*u**2 + 7*u + 6. Let k(f) = -7*p(f) - 6*w(f). Let i be 4 - (8 + (-20)/5). Suppose a - 4*a + 3 = i. What is k(a)?
-6
Let r(t) = -t**3 + 5*t**2 + t - 4. Let h = 343 - 338. Calculate r(h).
1
Let v = 1 - -4. Let y(l) = 2*l - 4*l + 0*l - v. Suppose u = 4*a + 3,